 -7 - (-10 + 1)?
3
Evaluate (-8 + 0 - (-26 + 21)) + 14.
11
Calculate (-8 - 1) + 14 + (31 - 21).
15
What is 0 - (-3 - -16) - (-20 - -22) - -6?
-9
What is the value of -2 - (-23 + 13 + 10 + 1)?
-3
-35 + -13 + 57 - -8
17
(0 - 0) + (-46 - -7) + 26
-13
10 + 5 - 22 - -19
12
What is 3 + 6 + -3 - (-22 - -33) - 18?
-23
-6 + 4 + 18 + (3 - 15 - -3)
7
(24 - 1 - 5) + -5 + (19 - 24)
8
Calculate -5 - (-22 + -10) - (0 + 8 + -1).
20
Calculate -30 + 14 + 145 + -103.
26
What is the value of 0 - 1 - (3 - ((-8 - 7) + 3))?
-16
What is (-11 - -19) + -5 + 9 + -28?
-16
What is the value of (-36 - 2) + -42 + 70 + -24?
-34
What is the value of 0 + (-3 - (8 + -20))?
9
What is the value of 8 - (7 + -19 + -3 + 2 + 7)?
14
-19 - (0 - ((-8 - -12) + -15))
-30
What is (13 + -13 - (4 + -16 + 4)) + 8?
16
What is the value of 6 + (-48 - -29) + 6?
-7
1 - (12 + -21) - 5
5
25 - (-2 + 38) - (-1 - -4)
-14
Calculate -2 + 4 + 3 + (1 - 12).
-6
What is 9 - (9 + (6 - -1) + (-113 - -104))?
2
Evaluate 92 + -96 - (10 - 1).
-13
What is the value of (1 - 6 - 0) + 9 - (7 + 4)?
-7
What is the value of 88 + -79 - (1 - -9)?
-1
Evaluate -38 + -4 + 43 - (1 - (0 - 0)).
0
What is 0 + -12 - (-14 - (9 + -51 - -23))?
-17
Calculate 8 + -14 - 9 - -15.
0
(33 - 14) + -7 + (4 - 6)
10
-7 + -3 + -1 + 17
6
0 - 7 - (5 + (-11 - -7) + -21)
13
What is the value of -11 - ((-23 - -3 - -2) + 15)?
-8
9 + (5 - (-10 - -4)) + -4 + 8
24
Calculate -15 + -25 + 32 + (1 - 21).
-28
What is the value of 2 + (3 - (-11 - (4 + -9)))?
11
-7 + 0 + 62 + -48
7
Calculate 2 + -7 + 0 - (-11 + -7).
13
What is the value of -1382 + 1423 + (-30 - 1)?
10
Calculate -4 + 30 + 4 + (5 - (13 - 1)).
23
Evaluate -18 - (-2 - (3 + 2)).
-11
Calculate 8 + (-21 + 32 - 16).
3
Calculate -4 + (0 + -6 - -18) - -2.
10
-9 + 17 + (-3 + -1 + -4 - -3)
3
What is the value of 32 + (19 - 34) + -27?
-10
-19 - (-1 + (-1 - 30))
13
Evaluate 20 + 1 - ((5 - 6) + 10).
12
Evaluate (27 - 30) + (25 - -10).
32
Calculate -128 - -83 - (1 - 27).
-19
Evaluate (-4 - (73 + -36)) + 19.
-22
What is (-781 - -795) + (2 - (2 - 2))?
16
Calculate -7 + 1 + -375 + 384.
3
Evaluate (1 - -5 - 20) + -25 + 30 + 20.
11
Calculate (-4 - 2) + 56 + -70.
-20
Evaluate 9 + (1 - (8 - (1 - -24)) - -1).
28
Calculate (188 - 160) + (-20 - 3).
5
What is 2 - 4 - (25 - 14 - 8)?
-5
Calculate 5 + -35 + 53 + -33.
-10
Evaluate 11 + -8 - ((5 - -9) + 9).
-20
Evaluate -87 + 82 + (9 - -1).
5
What is (-3 - (6 + -3 - 11)) + -147 + 121?
-21
Calculate -10 - -23 - 9 - (14 - 2).
-8
Calculate 12 - 23 - (-10 - 12).
11
Calculate -1 + 2 - (23 - 4 - 13) - -6.
1
Calculate -9 + (0 - -21) - 23.
-11
(-2 + 10 - -2) + 81 + -86
5
(21 + -68 - -20) + 36
9
Calculate -9 - (-9 + 5 + 1 + -18).
12
Evaluate -3 + (-1 - -10) - (6 + 4) - -5.
1
What is (-1 + 9 + (25 - 27) - 19) + 6?
-7
What is the value of 3 + 11 - (5 + -8 - 13)?
30
What is 30 - (-28 - -42) - 14?
2
Calculate -13 + 1 + -7 + 12 + 18.
11
What is the value of 0 + 1 + 9 - (99 + -184 + 123)?
-28
What is the value of -316 + 304 - (-2 + 0 + 9)?
-19
Evaluate (-8 - -32) + -11 - 0.
13
Evaluate 74 - 73 - (10 - -1).
-10
Evaluate 6 + (-5 + -9 + 12 - 5).
-1
Evaluate -1 + -1 - (17 + -20) - -2 - 16.
-13
5 + 6 - 8 - (-8 + 43 - 6)
-26
(1 - -4) + (-19 - -17 - -4)
7
Calculate 1006 + -998 - (-1 + (1 - 2)).
10
What is -7 + (13 - 4) + (11 - (1 - -2))?
10
Evaluate 9 + (-2 - 14) + 14.
7
Evaluate 36 + (24 - (7 + 67)).
-14
What is the value of 5 + 0 + (215 - 198) - -3?
25
(7 - -17) + (-11 - 6)
7
Calculate -6 + 12 - (-3 - (-23 + 5) - 0).
-9
Evaluate 2 + (-90 - -93 - (29 - 1)).
-23
Calculate 0 - 9 - 7 - -13.
-3
6 + -3 + 7 + -2 - (32 - 5)
-19
Calculate 262 - 266 - ((-16 - 2) + 1).
13
Calculate -3 - (1 - (3 + (0 - -3)) - -8).
-6
-25 + (-5 - (16 + (-45 - -10)))
-11
Evaluate -1 + (-25 - -24) + 1.
-1
10 + -7 - -1 - ((0 - -7) + 15)
-18
Evaluate 178 - 199 - (-11 + -1).
-9
6 + (2 + -20 - 2 - 6) + 7
-13
What is the value of (15 - 3) + -4 - (-5 + 26)?
-13
Evaluate (-2 - (9 - 19) - -6) + -16.
-2
What is the value of (2 - (18 + -28 - 7)) + 1 + -8?
12
What is the value of -3 + (26 - (-2 + (-12 - -30)))?
7
-15 + ((-1 - 2) + -5 + -2 - -7)
-18
-151 - -154 - ((-3 - -2) + -8)
12
Calculate -25 + 20 + -20 - -3.
-22
Calculate (2 - (-2 - 1)) + -112 + 113.
6
(1 - 16) + (2 - 25 - -31)
-7
Calculate (-5 + 11 + 9 - 3) + -3 + 2.
11
Calculate -8 - (2 - (-1 + 8)).
-3
Evaluate 10 - (4 + (5 - 4) + 6).
-1
(12 - (23 - 19)) + (5 - 38)
-25
1 - -15 - (-11 + 2 + 19)
6
2 + -20 - ((-4 - 4 - -8) + -5)
-13
(-1 - 6) + -12 + 4 + 3
-12
Evaluate 28 + -30 + -1 + 8 + 1 + 1.
7
Calculate -7 + 1 + (28 - (21 - 11)).
12
9 - (14 + -8 + -9)
12
Calculate 1 + (4 - 0 - (-24 - -16)).
13
Evaluate 3 + -9 - (-16 - -15 - -9).
-14
Evaluate -18 + (0 - -13) + 15.
10
What is (33 - 17) + (0 + -3 - (-6 + 5))?
14
What is the value of -11 - ((-24 - -12) + 7)?
-6
What is (759 - 779) + (1 - 20)?
-39
Evaluate (-432 - -460) + -3 + -4 + 2 + -1.
22
What is (-1 - -24) + (-43 - -1)?
-19
What is -6 + -2 + (5 + -3 - 2) + -5?
-13
What is -90 + 100 + (4 - (-4 + 48 - 3))?
-27
Calculate (-2 - -8) + (10 + 7 - 37).
-14
Evaluate 16 + -1 + 66 + -93.
-12
What is the value of 17 - 29 - (4 + -9)?
-7
What is -13 - -15 - -6 - (-3 - 0)?
11
What is the value of -96 + 75 + 28 + 1?
8
Evaluate 34 + -53 - -26 - -8.
15
-2 - -9 - 2 - (48 - (34 + 39))
30
What is the value of 25 + 3 + -32 + (38 - 12) - 11?
11
What is the value of (-1 + 0 - (11 + (5 - 28))) + 0?
11
Calculate -9 + 3 + 0 + (1 - 3) - -2.
-6
What is the value of -7 + (-5 - (-6 - 12)) + -7 - 9?
-10
What is the value of 1 + (-8 - (7 - 27)) + -2?
11
Evaluate -9 - 1 - (-8 - (12 - 13) - -4).
-7
What is -7 + (1 - (6 - (-5 + -4 + 16)))?
-5
Calculate 8 + -1 + (6 - (23 + -17)).
7
What is (7 + -9 + 3 - 12) + -7 - -9?
-9
(0 - 11) + (1 + -19 - (230 - 239))
-20
Calculate (5 - (-7 - (-26 + 12))) + 2 + 1.
1
What is the value of 46 + -57 - ((0 - 25) + 6)?
8
What is -6 + 6 + 36 + -8 - (15 - 17)?
30
What is (-5 - (3 + -12) - 35) + -2?
-33
What is the value of (-113 + 117 - (8 - 1)) + -1?
-4
Calculate 25 - (-14 + 38 + -4).
5
Calculate 15 + (-8 - -5 - (-5 + 4)).
13
What is the value of (38 - 39) + (-1 - -5) + -1 - 2?
0
Calculate 7 + 6 + -12 + -3 + 12.
10
Evaluate -5 - 4 - 7 - -12 - (-7 + 0).
3
35 + (3 - 15 - 2)
21
What is the value of 14 - -2 - (207 + -202)?
11
What is the value of (-7 - -51) + 39 + -78?
5
Calculate -3 - (0 - (-7 - (4 + 0 + 9))).
-23
(-12 - 1) + 25 + 55 + -45
22
(56 - (24 + (0 - 12))) + -17
27
Calculate (-2 - -8) + -25 - -28.
9
(0 - 17) + -4 - -36
15
What is the value of -14 - 3 - -9 - -13?
5
What is 2 + (-7 - -2) + -1 + 7 + 6?
9
-148 + 159 - (21 - 1)
-9
Evaluate (-15 - 11) + 24 - (1 - (-1 - -3)).
-1
What is the value of (-1 - ((5 - 15 - -1) + 0)) + 3?
11
Calculate (2 + -2 - (2 - (2 - 1))) + -20.
-21
-4 + -5 + 30 - 11 - 29
-19
14 - -1 - (-6 + 13 + -11)
19
What is the value of -9 - (-3 + 9 + -6 - -2)?
-11
-5 + 10 - (-5 + (1 - (-3 + 1)))
7
Calculate (-8 - (-1 + -2)) + (72 - 63).
4
44 + 24 + -47 - 26
-5
What is the value of 8 + 2 + 2 + 20 + -30?
2
What is the value of (-17 - -6) + 17 + 3 - 21?
-12
Evaluate 27 + 5 + -6 + -15 + 6.
17
-2 - (30 + -2) - -17
-13
Calculate (-20 - -18) + -11 - -29.
16
Evaluate -4 - 5 - (34 - 22).
-21
Evaluate -6 + (-9 - (-8 + -5)) + -4 + 30.
24
34 + -37 + 2 + 1
0
What is -4 - ((7 - (-2 - -11)) + 7)?
-9
(-2 + (-1 - -9) - (375 + -359)) + 30
20
What is the value of 6 + -4 + -20 - -22 - 44?
-40
What is -1 - -4 - (15 + (-13 - -7 - 1))?
-5
What is the value of -18 + -3 - (-955 - -969)?
-35
Calculate 32 - (19 + -25 - (-28 + 12)).
22
Calculate -1 + -17 + (4 - (-11 - (-17 - 1))).
-21
What is 10 + 5 + -10 - 8 - (1 - -16)?
-20
Calculate 14 - (1 - (-27 - -15)) - (20 + 0).
-19
What is the value of (2 + -7 - (-5 - 2 - -2)) + -3?
-3
What is the value of -3479 + 3463 + (-1 - (-19 - -1))?
1
Calculate 22 - (0 + -6 + 13 + 3).
12
Evaluate 4 - (3 - (-5 + 3)) - -8.
7
-13 + (11 - -10) - (-12 - -4)
16
Calculate (-5 - -2 - 23) + 20 + (-14 - 1).
-21
10 - (-34 + (81 - 8))
-29
Evaluate (11 - (18 + 1)) + 17 + -2.
7
What is the value of -11 + (-7 - -31 - 7)?
6
Evaluate 99 + -106 + (3 - (3 + 3)) + 0.
-10
Calculate (-7 - -7) + (-20 - -13 - (-1 - 1)).
-5
What is the value of 26 - (3 + 5 - 0)?
18
What is 2 + -27 + 19 + -3?
-9
Calculate (-3 - 10) + (6 - -2) - -4.
-1
What is the value of 4 - (-8 - (6 + -7))?
11
What is the value of -4 + -5 + (21 - (-11 + 13)) + -25?
